0101*g - 771803. Determine b(77).
45
Let r(y) = 391538*y + 3132335. Calculate r(-8).
31
Let y(i) = -1329*i - 19698. Give y(-15).
237
Let i(a) = -776*a + 250. Determine i(0).
250
Let m(k) = -1431*k + 180311. Give m(126).
5
Let c(m) = -377*m - 45066. Give c(-120).
174
Let j(z) = -z**2 + 48*z - 429. Determine j(18).
111
Let f(c) = -2*c**3 + 41*c**2 + 116*c + 35. Calculate f(-6).
1247
Let l(j) = -j**2 - 1596*j - 232314. Calculate l(-162).
-6
Let s(y) = -7*y**3 - 2440*y**2 + 1117*y + 24455. Give s(-349).
25
Let a(h) = -1280*h - 7682. Calculate a(-6).
-2
Let r(t) = -722*t**2 + 5428*t + 2754. Calculate r(8).
-30
Let w(u) = u**3 + 236*u**2 - 1161*u + 10610. Determine w(-241).
6
Let n(h) = -10063*h**2 - 1298126*h + 135. Calculate n(-129).
6
Let z(c) = 8703*c + 44249. What is z(-5)?
734
Let g(r) = 37*r**2 - 13939*r + 83683. What is g(6)?
1381
Let h(u) = -36*u**3 - 392*u**2 - 289*u - 3665. Give h(-11).
-2
Let h(k) = -4*k**2 - 227*k + 1473. Give h(-58).
1183
Let q(b) = -b**2 - 259*b - 16255. What is q(-140)?
405
Let d(p) = -15*p**2 + 36*p + 113. Give d(2).
125
Let c(j) = 1404*j**2 + 9701*j - 886. Determine c(-7).
3
Let s(q) = -5*q**3 + 38*q**2 - 17154*q + 137327. Determine s(8).
-33
Let i(f) = -3282*f - 1148697. What is i(-350)?
3
Let l(c) = -2*c**3 - 33*c**2 - 30*c - 224. Give l(-16).
0
Let f(t) = -78*t**2 - 1060*t + 5313. Give f(5).
-1937
Let t(s) = 10*s**2 - 561*s - 6865. Determine t(66).
-331
Let l(n) = -59*n**3 + 13*n**2 + 34*n + 18. Give l(-4).
3866
Let n(b) = -b**2 + 126*b + 138919. Determine n(-315).
4
Let h(i) = -95*i + 6180. What is h(67)?
-185
Let s(a) = 3*a**3 - 688*a**2 - 1860*a + 935. Determine s(232).
7
Let v(q) = -256*q**2 - 348*q - 1851. Calculate v(-5).
-6511
Let k(n) = -324829*n - 5197331. Determine k(-16).
-67
Let z(i) = 47*i**2 - 3516*i - 24602. Give z(-7).
2313
Let v(o) = 24*o**2 + 570*o - 1716. Give v(3).
210
Let v(r) = 1719*r - 7134. Determine v(6).
3180
Let c(i) = -i**3 - 167*i**2 + 5935*i - 576. Determine c(30).
174
Let v(z) = -846*z + 558. Calculate v(1).
-288
Let z(n) = 39*n**2 + 3949*n + 914. Determine z(-101).
-96
Let u(c) = -4*c**2 - 1275*c - 26062. Calculate u(-22).
52
Let u(s) = s**2 - 197532*s + 6320005. Determine u(32).
5
Let w(d) = -d**3 - 60*d**2 + 105*d + 13. What is w(2)?
-25
Let a(v) = 56773*v + 283745. Determine a(-5).
-120
Let o(j) = -j**3 + 21*j**2 + 118*j - 541. Calculate o(5).
449
Let m(w) = -91731*w - 1284236. Give m(-14).
-2
Let v(w) = 243*w**2 - 20670*w + 1273. Calculate v(85).
-2
Let m(v) = -320*v - 2817. What is m(-13)?
1343
Let l(m) = 170*m - 15105. What is l(91)?
365
Let b(t) = 5*t**3 + 265*t**2 - 3*t - 247. Calculate b(-53).
-88
Let t(s) = -2040*s - 26302. Calculate t(-13).
218
Let a(t) = 132*t**3 + 402*t**2 - 23*t - 120. Calculate a(-3).
3
Let n(u) = -1280*u**2 + 227840*u + 139. Give n(178).
139
Let o(i) = -7*i + 15. Calculate o(8).
-41
Let y(a) = 754*a - 8427. Give y(11).
-133
Let k(j) = -73562*j - 3016067. Calculate k(-41).
-25
Let i(b) = -2*b**2 - 372*b - 8284. What is i(-26)?
36
Let m(g) = -g**3 + 66*g**2 - 40*g - 9. Give m(0).
-9
Let a(h) = -84244*h + 673940. Calculate a(8).
-12
Let n(g) = -g**3 - 22*g**2 + 19*g + 741. Calculate n(-21).
-99
Let x(v) = -4*v**2 - 325*v + 9470. Determine x(-104).
6
Let m(x) = 2*x**3 + 430*x**2 - 187*x + 147673. What is m(-217)?
-104
Let k(t) = 8*t**3 + 728*t**2 + 53*t + 4734. Calculate k(-91).
-89
Let f(o) = 8*o**3 - 51*o**2 - 86*o - 15. Determine f(10).
2025
Let p(s) = 3*s**2 + 466*s - 1767. Calculate p(4).
145
Let z(s) = s**2 - 214*s + 11229. Determine z(114).
-171
Let j(h) = 14*h**2 - 63*h + 14. What is j(11)?
1015
Let w(g) = g**2 + 275*g + 1364. Calculate w(-5).
14
Let q(s) = -4*s**2 - 164*s - 1349. What is q(-29)?
43
Let q(m) = -18*m**2 - 234*m + 1719. What is q(8)?
-1305
Let i(v) = -1410*v + 1177562. Give i(835).
212
Let y(p) = -359*p - 2160. What is y(-11)?
1789
Let o(n) = -363*n - 988. Determine o(-5).
827
Let h(s) = 2294*s + 45957. What is h(-20)?
77
Let j(b) = 3293*b - 24790. Determine j(8).
1554
Let q(d) = -11*d**2 + 336*d - 2262. What is q(17)?
271
Let c(m) = 3*m**3 - 191*m**2 + 158*m - 253. What is c(63)?
1763
Let c(d) = 7681*d**2 + 69108*d - 187. Determine c(-9).
2
Let a(o) = -o**3 + 24*o**2 + 3115*o + 446. Determine a(-45).
-4
Let c(r) = -7*r**3 + 691*r**2 + 193*r + 183. Determine c(99).
-312
Let m(b) = 203*b**2 + 134*b + 86. Calculate m(-3).
1511
Let t(j) = 2*j**3 - 736*j**2 + 1462*j + 721. Determine t(366).
-11
Let m(l) = l**3 + 187*l**2 + 1591*l - 1833. What is m(-178)?
125
Let n(c) = -14*c**2 - 93*c - 496. Determine n(-5).
-381
Let v(z) = 31593*z - 1263724. Give v(40).
-4
Let g(d) = 4*d**2 - 11118*d + 1082113. Calculate g(101).
-1
Let w(x) = -2548*x + 64. Determine w(0).
64
Let l(y) = y**3 + 47*y**2 + 137*y + 2784. Give l(-45).
669
Let v(x) = -6*x**3 + 187*x**2 - 376*x - 8. What is v(2)?
-60
Let x(t) = -2*t**3 - 232*t**2 - 236*t - 611. Determine x(-115).
79
Let q(m) = m**3 + 290*m**2 + 8249*m - 1810. Give q(-258).
-4
Let v(z) = -254*z**2 + 2522*z + 105. Calculate v(10).
-75
Let x(s) = -2*s**3 + 503*s**2 + 1283*s - 3448. What is x(254)?
-146
Let s(r) = r**2 - 40*r - 2272. Calculate s(58).
-1228
Let g(t) = -138652*t - 169. Give g(0).
-169
Let l(v) = -v**3 - 184*v**2 + 1363*v + 3545. What is l(-191)?
-1421
Let s(g) = -1933*g - 206814. Determine s(-107).
17
Let t(z) = z**2 - 93*z + 1672. Determine t(33).
-308
Let s(n) = 2*n**3 + 189*n**2 + 334*n + 5118. What is s(-93)?
3
Let x(o) = 2750*o + 281028. Give x(-102).
528
Let f(s) = s**3 - 41*s**2 + 89*s - 206. What is f(4)?
-442
Let q(x) = -106*x + 3302. Determine q(47).
-1680
Let v(g) = -g**2 - 161*g - 4264. Give v(-127).
54
Let a(p) = -100*p - 1271. Give a(-13).
29
Let z(h) = 284*h**2 - 5630*h + 11263. Give z(2).
1139
Let y(j) = -2*j**3 + 171*j**2 + 181*j - 22523. What is y(85)?
87
Let t(x) = 928*x - 36321. Calculate t(38).
-1057
Let n(r) = -9*r**3 - 6*r**2 + 1152*r + 37. Give n(11).
4
Let l(a) = -1498*a - 73401. Give l(-49).
1
Let o(z) = z**2 - 3132*z + 175279. What is o(57)?
4
Let x(c) = -21754*c - 1762054. What is x(-81)?
20
Let f(i) = 46*i**2 - 13003*i + 8712. Calculate f(282).
-30
Let y(z) = z**2 - 640*z + 36342. What is y(63)?
-9
Let h(r) = -r**3 + 95*r**2 + 697*r + 1583. Determine h(102).
-151
Let g(q) = q**2 + 15743*q - 757963. Calculate g(48).
5
Let n(z) = -z**3 - 5*z**2 + 24*z - 447. Calculate n(0).
-447
Let x(a) = -32*a**3 + 379*a**2 + 73*a - 137. Calculate x(12).
19
Let b(d) = -5*d**2 + 914*d - 1575. Calculate b(181).
54
Let l(h) = h**3 - 48*h**2 - 88*h + 1638. Determine l(49).
-273
Let k(z) = -180*z**2 - 91629*z - 4579. Give k(-509).
2
Let x(i) = 1752*i - 10520. What is x(6)?
-8
Let k(f) = -957*f + 23962. What is k(25)?
37
Let k(x) = -16090*x - 1238932. Give k(-77).
-2
Let d(b) = 21*b**3 + 127*b**2 - 150*b - 764. What is d(-5)?
536
Let s(q) = 9*q**3 + 6555*q**2 + 2188*q + 2918. Calculate s(-728).
6
Let m(j) = j**3 - 9*j**2 - 40*j + 325. Calculate m(9).
-35
Let i(o) = 1006*o - 463851. Give i(461).
-85
Let h(u) = -7*u**2 - 168*u + 329. Give h(-25).
154
Let r(y) = 10*y**3 - 9*y**2 - 33*y - 11. Calculate r(-2).
-61
Let r(p) = -p**3 - 63*p**2 - 311*p - 28666. What is r(-65)?
-1
Let y(d) = 50*d + 14267. What is y(-279)?
317
Let x(w) = 3*w**3 + 308*w**2 - 142*w - 3989. Give x(-103).
28
Let l(y) = -32*y**2 + 918*y - 2945. What is l(25)?
5
Let u(v) = -1376*v - 39751. Calculate u(-29).
153
Let j(q) = 1553*q - 914691. Determine j(589).
26
Let m(z) = -178*z**2 - 1662*z - 535. Calculate m(-9).
5
Let t(g) = -99*g + 5086. What is t(55)?
-359
Let l(z) = -3*z**3 + 25*z**2 - 16*z + 51. Give l(8).
-13
Let u(o) = -62*o**2 + 17398*o - 10622. Determine u(280).
18
Let n(x) = 2*x**3 + 534*x**2 + 2104*x - 8. What is n(-263)?
-8
Let j(a) = 200*a + 16215. Determine j(-81).
15
Let c(b) = -7*b**3 - 852*b**2 + 253*b + 1082. Calculate c(-122).
-16
Let k(t) = -116*t**2 - 241*t + 1153. What is k(4)?
-1667
Let q(v) = 4501*v + 463397. Give q(-103).
-206
Let k(r) = -553*r**2 - 42*r - 2. Give k(1).
-597
Let k(f) = -8740*f + 17449. Give k(2).
-31
Let u(h) = h**3 + 2*h**2 - 17*h - 102. What is u(-8)?
-350
Let t(x) = 2*x**3 - 1566*x**2 + 4697*x - 13294. Determine t(780).
-34
Let g(k) = -k**3 + 29*k**2 + 429*k - 49. Determine g(39).
1472
Let n(m) = -m**2 - 277*m + 532114. Give n(-881).
-10
Let m(y) = -660*y + 94733. What is m(1